{"id":35,"date":"2017-02-11T01:42:45","date_gmt":"2017-02-11T00:42:45","guid":{"rendered":"http:\/\/new.mcchurfirsten.ch\/wp\/?page_id=35"},"modified":"2022-10-05T17:56:37","modified_gmt":"2022-10-05T15:56:37","slug":"verein","status":"publish","type":"page","link":"https:\/\/mcchurfirsten.ch\/index.php\/verein\/","title":{"rendered":"Verein"},"content":{"rendered":"<p>Mit dem Neubau der Minigolfanlage &#8222;Badi&#8220; wurde im Jahr 1993 der Minigolfclub Churfirsten gegr\u00fcndet.<br \/>\nDie Anlage liegt gleich neben der Badi Wattwil. Sie verf\u00fcgt \u00fcber 18 genormte Bahnen (System Bongni), somit sind hier offizielle Minigolf-Turniere m\u00f6glich. Letztmals im 2012 durfte unser Club, \u00a0nach einem vorangehendem Turnier, die Schweizer-Mannschafts-Meisterschaft der NLA in Wattwil durchf\u00fchren .<\/p>\n<p>2021 ist die alte Anlage abgebrochen worden, aber durch eine ebenso sch\u00f6ne neue Anlage ersetzt, welche im Sommer 2022 eingeweiht wurde.<\/p>\n<p>Die aktiven Mitglieder unseres Club bestreiten intern ein Jahresprogramm und die Lizenzspieler besuchen nach Zeit und Lust auch externe Turniere.<br \/>\nEbenso hat das gesellige Zusammensein einen hohen Stellenwert. Dabei sind auch die Passivmitglieder herzlich willkommen.<\/p>\n<p>Clubpr\u00e4sident: Herbert Schweizer, Sonnenhalb 3, 9631 Ulisbach<\/p>\n<p>Neue Mitglieder sind jederzeit willkommen.<\/p>\n<h3>Impressionen<\/h3>\n<div id='gallery-1' class='gallery galleryid-35 gallery-columns-5 gallery-size-thumbnail'><figure class='gallery-item'>\n\t\t\t<div class='gallery-icon portrait'>\n\t\t\t\t<a href='https:\/\/mcchurfirsten.ch\/wp\/wp-content\/uploads\/2022\/10\/IMG-20221003-WA0000.jpg' title=\"\" data-rl_title=\"\" class=\"rl-gallery-link\" data-rl_caption=\"\" data-rel=\"lightbox-gallery-1\"><img loading=\"lazy\" decoding=\"async\" width=\"150\" height=\"150\" src=\"https:\/\/mcchurfirsten.ch\/wp\/wp-content\/uploads\/2022\/10\/IMG-20221003-WA0000-150x150.jpg\" class=\"attachment-thumbnail size-thumbnail\" alt=\"\" aria-describedby=\"gallery-1-1450\" \/><\/a>\n\t\t\t<\/div>\n\t\t\t\t<figcaption class='wp-caption-text gallery-caption' id='gallery-1-1450'>\n\t\t\t\tAscona 3. Platz mit der Mannschaft\n\t\t\t\t<\/figcaption><\/figure><figure class='gallery-item'>\n\t\t\t<div class='gallery-icon portrait'>\n\t\t\t\t<a href='https:\/\/mcchurfirsten.ch\/wp\/wp-content\/uploads\/2022\/10\/IMG-20221003-WA0001.jpg' title=\"\" data-rl_title=\"\" class=\"rl-gallery-link\" data-rl_caption=\"\" data-rel=\"lightbox-gallery-1\"><img loading=\"lazy\" decoding=\"async\" width=\"150\" height=\"150\" src=\"https:\/\/mcchurfirsten.ch\/wp\/wp-content\/uploads\/2022\/10\/IMG-20221003-WA0001-150x150.jpg\" class=\"attachment-thumbnail size-thumbnail\" alt=\"\" aria-describedby=\"gallery-1-1451\" \/><\/a>\n\t\t\t<\/div>\n\t\t\t\t<figcaption class='wp-caption-text gallery-caption' id='gallery-1-1451'>\n\t\t\t\tAscona 2022  3. Platz bei den Damen\n\t\t\t\t<\/figcaption><\/figure><figure class='gallery-item'>\n\t\t\t<div class='gallery-icon portrait'>\n\t\t\t\t<a href='https:\/\/mcchurfirsten.ch\/wp\/wp-content\/uploads\/2022\/09\/IMG-20220919-WA0002.jpg' title=\"\" data-rl_title=\"\" class=\"rl-gallery-link\" data-rl_caption=\"\" data-rel=\"lightbox-gallery-1\"><img loading=\"lazy\" decoding=\"async\" width=\"150\" height=\"150\" src=\"https:\/\/mcchurfirsten.ch\/wp\/wp-content\/uploads\/2022\/09\/IMG-20220919-WA0002-150x150.jpg\" class=\"attachment-thumbnail size-thumbnail\" alt=\"\" aria-describedby=\"gallery-1-1434\" \/><\/a>\n\t\t\t<\/div>\n\t\t\t\t<figcaption class='wp-caption-text gallery-caption' id='gallery-1-1434'>\n\t\t\t\t3. Rang in H\u00f6rbranz\n\t\t\t\t<\/figcaption><\/figure><figure class='gallery-item'>\n\t\t\t<div class='gallery-icon landscape'>\n\t\t\t\t<a href='https:\/\/mcchurfirsten.ch\/wp\/wp-content\/uploads\/2022\/09\/IMG-20220809-WA0005.jpg' title=\"\" data-rl_title=\"\" class=\"rl-gallery-link\" data-rl_caption=\"\" data-rel=\"lightbox-gallery-1\"><img loading=\"lazy\" decoding=\"async\" width=\"150\" height=\"150\" src=\"https:\/\/mcchurfirsten.ch\/wp\/wp-content\/uploads\/2022\/09\/IMG-20220809-WA0005-150x150.jpg\" class=\"attachment-thumbnail size-thumbnail\" alt=\"\" aria-describedby=\"gallery-1-1432\" srcset=\"https:\/\/mcchurfirsten.ch\/wp\/wp-content\/uploads\/2022\/09\/IMG-20220809-WA0005-150x150.jpg 150w, https:\/\/mcchurfirsten.ch\/wp\/wp-content\/uploads\/2022\/09\/IMG-20220809-WA0005-300x300.jpg 300w, https:\/\/mcchurfirsten.ch\/wp\/wp-content\/uploads\/2022\/09\/IMG-20220809-WA0005-768x768.jpg 768w, https:\/\/mcchurfirsten.ch\/wp\/wp-content\/uploads\/2022\/09\/IMG-20220809-WA0005-1024x1024.jpg 1024w, https:\/\/mcchurfirsten.ch\/wp\/wp-content\/uploads\/2022\/09\/IMG-20220809-WA0005.jpg 1920w\" sizes=\"(max-width: 150px) 100vw, 150px\" \/><\/a>\n\t\t\t<\/div>\n\t\t\t\t<figcaption class='wp-caption-text gallery-caption' id='gallery-1-1432'>\n\t\t\t\tDie haben gut lachen nach einem Caipirinha\n\t\t\t\t<\/figcaption><\/figure><figure class='gallery-item'>\n\t\t\t<div class='gallery-icon portrait'>\n\t\t\t\t<a href='https:\/\/mcchurfirsten.ch\/wp\/wp-content\/uploads\/2022\/09\/IMG-20220919-WA0003.jpg' title=\"\" data-rl_title=\"\" class=\"rl-gallery-link\" data-rl_caption=\"\" data-rel=\"lightbox-gallery-1\"><img loading=\"lazy\" decoding=\"async\" width=\"150\" height=\"150\" src=\"https:\/\/mcchurfirsten.ch\/wp\/wp-content\/uploads\/2022\/09\/IMG-20220919-WA0003-150x150.jpg\" class=\"attachment-thumbnail size-thumbnail\" alt=\"\" aria-describedby=\"gallery-1-1436\" \/><\/a>\n\t\t\t<\/div>\n\t\t\t\t<figcaption class='wp-caption-text gallery-caption' id='gallery-1-1436'>\n\t\t\t\tNicht am applaudieren, sondern am Ball w\u00e4rmen\n\t\t\t\t<\/figcaption><\/figure><figure class='gallery-item'>\n\t\t\t<div class='gallery-icon portrait'>\n\t\t\t\t<a href='https:\/\/mcchurfirsten.ch\/wp\/wp-content\/uploads\/2022\/07\/IMG-20220726-WA0005.jpg' title=\"\" data-rl_title=\"\" class=\"rl-gallery-link\" data-rl_caption=\"\" data-rel=\"lightbox-gallery-1\"><img loading=\"lazy\" decoding=\"async\" width=\"150\" height=\"150\" src=\"https:\/\/mcchurfirsten.ch\/wp\/wp-content\/uploads\/2022\/07\/IMG-20220726-WA0005-150x150.jpg\" class=\"attachment-thumbnail size-thumbnail\" alt=\"\" aria-describedby=\"gallery-1-1328\" \/><\/a>\n\t\t\t<\/div>\n\t\t\t\t<figcaption class='wp-caption-text gallery-caption' id='gallery-1-1328'>\n\t\t\t\tEMS Matzingen 2022\n\t\t\t\t<\/figcaption><\/figure><figure class='gallery-item'>\n\t\t\t<div class='gallery-icon landscape'>\n\t\t\t\t<a href='https:\/\/mcchurfirsten.ch\/wp\/wp-content\/uploads\/2022\/05\/20220516_073051.jpg' title=\"\" data-rl_title=\"\" class=\"rl-gallery-link\" data-rl_caption=\"\" data-rel=\"lightbox-gallery-1\"><img loading=\"lazy\" decoding=\"async\" width=\"150\" height=\"150\" src=\"https:\/\/mcchurfirsten.ch\/wp\/wp-content\/uploads\/2022\/05\/20220516_073051-150x150.jpg\" class=\"attachment-thumbnail size-thumbnail\" alt=\"\" aria-describedby=\"gallery-1-1286\" \/><\/a>\n\t\t\t<\/div>\n\t\t\t\t<figcaption class='wp-caption-text gallery-caption' id='gallery-1-1286'>\n\t\t\t\tSch\u00f6n ist die Anlage geworden.\n\t\t\t\t<\/figcaption><\/figure><figure class='gallery-item'>\n\t\t\t<div class='gallery-icon landscape'>\n\t\t\t\t<a href='https:\/\/mcchurfirsten.ch\/wp\/wp-content\/uploads\/2022\/02\/20211206_111325.jpg' title=\"\" data-rl_title=\"\" class=\"rl-gallery-link\" data-rl_caption=\"\" data-rel=\"lightbox-gallery-1\"><img loading=\"lazy\" decoding=\"async\" width=\"150\" height=\"150\" src=\"https:\/\/mcchurfirsten.ch\/wp\/wp-content\/uploads\/2022\/02\/20211206_111325-150x150.jpg\" class=\"attachment-thumbnail size-thumbnail\" alt=\"\" aria-describedby=\"gallery-1-1248\" \/><\/a>\n\t\t\t<\/div>\n\t\t\t\t<figcaption class='wp-caption-text gallery-caption' id='gallery-1-1248'>\n\t\t\t\tEs gibt noch viel zu tun\n\t\t\t\t<\/figcaption><\/figure><figure class='gallery-item'>\n\t\t\t<div class='gallery-icon portrait'>\n\t\t\t\t<a href='https:\/\/mcchurfirsten.ch\/wp\/wp-content\/uploads\/2021\/10\/IMG-20211009-WA0006.jpg' title=\"\" data-rl_title=\"\" class=\"rl-gallery-link\" data-rl_caption=\"\" data-rel=\"lightbox-gallery-1\"><img loading=\"lazy\" decoding=\"async\" width=\"150\" height=\"150\" src=\"https:\/\/mcchurfirsten.ch\/wp\/wp-content\/uploads\/2021\/10\/IMG-20211009-WA0006-150x150.jpg\" class=\"attachment-thumbnail size-thumbnail\" alt=\"\" aria-describedby=\"gallery-1-1232\" \/><\/a>\n\t\t\t<\/div>\n\t\t\t\t<figcaption class='wp-caption-text gallery-caption' id='gallery-1-1232'>\n\t\t\t\tDa entwickelt sich etwas \n\t\t\t\t<\/figcaption><\/figure><figure class='gallery-item'>\n\t\t\t<div class='gallery-icon landscape'>\n\t\t\t\t<a href='https:\/\/mcchurfirsten.ch\/wp\/wp-content\/uploads\/2021\/10\/20210918_191933.jpg' title=\"\" data-rl_title=\"\" class=\"rl-gallery-link\" data-rl_caption=\"\" data-rel=\"lightbox-gallery-1\"><img loading=\"lazy\" decoding=\"async\" width=\"150\" height=\"150\" src=\"https:\/\/mcchurfirsten.ch\/wp\/wp-content\/uploads\/2021\/10\/20210918_191933-150x150.jpg\" class=\"attachment-thumbnail size-thumbnail\" alt=\"\" aria-describedby=\"gallery-1-1228\" \/><\/a>\n\t\t\t<\/div>\n\t\t\t\t<figcaption class='wp-caption-text gallery-caption' id='gallery-1-1228'>\n\t\t\t\tEs nimmt Gestalt an\n\t\t\t\t<\/figcaption><\/figure><figure class='gallery-item'>\n\t\t\t<div class='gallery-icon landscape'>\n\t\t\t\t<a href='https:\/\/mcchurfirsten.ch\/wp\/wp-content\/uploads\/2021\/10\/20211009_134954.jpg' title=\"\" data-rl_title=\"\" class=\"rl-gallery-link\" data-rl_caption=\"\" data-rel=\"lightbox-gallery-1\"><img loading=\"lazy\" decoding=\"async\" width=\"150\" height=\"150\" src=\"https:\/\/mcchurfirsten.ch\/wp\/wp-content\/uploads\/2021\/10\/20211009_134954-150x150.jpg\" class=\"attachment-thumbnail size-thumbnail\" alt=\"\" \/><\/a>\n\t\t\t<\/div><\/figure><figure class='gallery-item'>\n\t\t\t<div class='gallery-icon portrait'>\n\t\t\t\t<a href='https:\/\/mcchurfirsten.ch\/wp\/wp-content\/uploads\/2021\/02\/minigolfabbruch1.jpg' title=\"\" data-rl_title=\"\" class=\"rl-gallery-link\" data-rl_caption=\"\" data-rel=\"lightbox-gallery-1\"><img loading=\"lazy\" decoding=\"async\" width=\"150\" height=\"150\" src=\"https:\/\/mcchurfirsten.ch\/wp\/wp-content\/uploads\/2021\/02\/minigolfabbruch1-150x150.jpg\" class=\"attachment-thumbnail size-thumbnail\" alt=\"\" aria-describedby=\"gallery-1-1146\" \/><\/a>\n\t\t\t<\/div>\n\t\t\t\t<figcaption class='wp-caption-text gallery-caption' id='gallery-1-1146'>\n\t\t\t\tDie alten Bahnen als Steinhaufen\n\t\t\t\t<\/figcaption><\/figure><figure class='gallery-item'>\n\t\t\t<div class='gallery-icon portrait'>\n\t\t\t\t<a href='https:\/\/mcchurfirsten.ch\/wp\/wp-content\/uploads\/2021\/09\/Turnier-Amriswil-e1631194527732.jpg' title=\"\" data-rl_title=\"\" class=\"rl-gallery-link\" data-rl_caption=\"\" data-rel=\"lightbox-gallery-1\"><img loading=\"lazy\" decoding=\"async\" width=\"150\" height=\"150\" src=\"https:\/\/mcchurfirsten.ch\/wp\/wp-content\/uploads\/2021\/09\/Turnier-Amriswil-150x150.jpg\" class=\"attachment-thumbnail size-thumbnail\" alt=\"\" aria-describedby=\"gallery-1-1221\" \/><\/a>\n\t\t\t<\/div>\n\t\t\t\t<figcaption class='wp-caption-text gallery-caption' id='gallery-1-1221'>\n\t\t\t\tAmriswil 2021: Da wurde abger\u00e4umt \ud83d\ude09\n\t\t\t\t<\/figcaption><\/figure><figure class='gallery-item'>\n\t\t\t<div class='gallery-icon landscape'>\n\t\t\t\t<a href='https:\/\/mcchurfirsten.ch\/wp\/wp-content\/uploads\/2020\/09\/20200920_141559-2.jpg' title=\"\" data-rl_title=\"\" class=\"rl-gallery-link\" data-rl_caption=\"\" data-rel=\"lightbox-gallery-1\"><img loading=\"lazy\" decoding=\"async\" width=\"150\" height=\"150\" src=\"https:\/\/mcchurfirsten.ch\/wp\/wp-content\/uploads\/2020\/09\/20200920_141559-2-150x150.jpg\" class=\"attachment-thumbnail size-thumbnail\" alt=\"\" aria-describedby=\"gallery-1-1126\" \/><\/a>\n\t\t\t<\/div>\n\t\t\t\t<figcaption class='wp-caption-text gallery-caption' id='gallery-1-1126'>\n\t\t\t\tDie Kategorien-Sieger des 2. Bettag-Turniers vom 20.09.2020\n\t\t\t\t<\/figcaption><\/figure><figure class='gallery-item'>\n\t\t\t<div class='gallery-icon landscape'>\n\t\t\t\t<a href='https:\/\/mcchurfirsten.ch\/wp\/wp-content\/uploads\/2020\/09\/IMG-20200920-WA0001-2.jpg' title=\"\" data-rl_title=\"\" class=\"rl-gallery-link\" data-rl_caption=\"\" data-rel=\"lightbox-gallery-1\"><img loading=\"lazy\" decoding=\"async\" width=\"150\" height=\"150\" src=\"https:\/\/mcchurfirsten.ch\/wp\/wp-content\/uploads\/2020\/09\/IMG-20200920-WA0001-2-150x150.jpg\" class=\"attachment-thumbnail size-thumbnail\" alt=\"\" \/><\/a>\n\t\t\t<\/div><\/figure><figure class='gallery-item'>\n\t\t\t<div class='gallery-icon landscape'>\n\t\t\t\t<a href='https:\/\/mcchurfirsten.ch\/wp\/wp-content\/uploads\/2020\/10\/20201019_094737.jpg' title=\"\" data-rl_title=\"\" class=\"rl-gallery-link\" data-rl_caption=\"\" data-rel=\"lightbox-gallery-1\"><img loading=\"lazy\" decoding=\"async\" width=\"150\" height=\"150\" src=\"https:\/\/mcchurfirsten.ch\/wp\/wp-content\/uploads\/2020\/10\/20201019_094737-150x150.jpg\" class=\"attachment-thumbnail size-thumbnail\" alt=\"\" aria-describedby=\"gallery-1-1139\" srcset=\"https:\/\/mcchurfirsten.ch\/wp\/wp-content\/uploads\/2020\/10\/20201019_094737-150x150.jpg 150w, https:\/\/mcchurfirsten.ch\/wp\/wp-content\/uploads\/2020\/10\/20201019_094737-300x300.jpg 300w, https:\/\/mcchurfirsten.ch\/wp\/wp-content\/uploads\/2020\/10\/20201019_094737-768x768.jpg 768w, https:\/\/mcchurfirsten.ch\/wp\/wp-content\/uploads\/2020\/10\/20201019_094737-1024x1024.jpg 1024w\" sizes=\"(max-width: 150px) 100vw, 150px\" \/><\/a>\n\t\t\t<\/div>\n\t\t\t\t<figcaption class='wp-caption-text gallery-caption' id='gallery-1-1139'>\n\t\t\t\tSchlussturnier 2020\n\t\t\t\t<\/figcaption><\/figure><figure class='gallery-item'>\n\t\t\t<div class='gallery-icon portrait'>\n\t\t\t\t<a href='https:\/\/mcchurfirsten.ch\/wp\/wp-content\/uploads\/2020\/02\/20200223_160845.jpg' title=\"\" data-rl_title=\"\" class=\"rl-gallery-link\" data-rl_caption=\"\" data-rel=\"lightbox-gallery-1\"><img loading=\"lazy\" decoding=\"async\" width=\"150\" height=\"150\" src=\"https:\/\/mcchurfirsten.ch\/wp\/wp-content\/uploads\/2020\/02\/20200223_160845-150x150.jpg\" class=\"attachment-thumbnail size-thumbnail\" alt=\"\" aria-describedby=\"gallery-1-1077\" \/><\/a>\n\t\t\t<\/div>\n\t\t\t\t<figcaption class='wp-caption-text gallery-caption' id='gallery-1-1077'>\n\t\t\t\tSiegen macht Spass!\n\t\t\t\t<\/figcaption><\/figure><figure class='gallery-item'>\n\t\t\t<div class='gallery-icon portrait'>\n\t\t\t\t<a href='https:\/\/mcchurfirsten.ch\/wp\/wp-content\/uploads\/2020\/02\/20200202_172438-3.jpg' title=\"\" data-rl_title=\"\" class=\"rl-gallery-link\" data-rl_caption=\"\" data-rel=\"lightbox-gallery-1\"><img loading=\"lazy\" decoding=\"async\" width=\"150\" height=\"150\" src=\"https:\/\/mcchurfirsten.ch\/wp\/wp-content\/uploads\/2020\/02\/20200202_172438-3-150x150.jpg\" class=\"attachment-thumbnail size-thumbnail\" alt=\"\" aria-describedby=\"gallery-1-1047\" \/><\/a>\n\t\t\t<\/div>\n\t\t\t\t<figcaption class='wp-caption-text gallery-caption' id='gallery-1-1047'>\n\t\t\t\tSuper Start in die Saison 2020\n\t\t\t\t<\/figcaption><\/figure><figure class='gallery-item'>\n\t\t\t<div class='gallery-icon portrait'>\n\t\t\t\t<a href='https:\/\/mcchurfirsten.ch\/wp\/wp-content\/uploads\/2019\/10\/20191006_162555-e1572430785564.jpg' title=\"\" data-rl_title=\"\" class=\"rl-gallery-link\" data-rl_caption=\"\" data-rel=\"lightbox-gallery-1\"><img loading=\"lazy\" decoding=\"async\" width=\"150\" height=\"150\" src=\"https:\/\/mcchurfirsten.ch\/wp\/wp-content\/uploads\/2019\/10\/20191006_162555-e1572430785564-150x150.jpg\" class=\"attachment-thumbnail size-thumbnail\" alt=\"\" aria-describedby=\"gallery-1-1023\" \/><\/a>\n\t\t\t<\/div>\n\t\t\t\t<figcaption class='wp-caption-text gallery-caption' id='gallery-1-1023'>\n\t\t\t\tEs Apero isch immer guet!\n\t\t\t\t<\/figcaption><\/figure><figure class='gallery-item'>\n\t\t\t<div class='gallery-icon landscape'>\n\t\t\t\t<a href='https:\/\/mcchurfirsten.ch\/wp\/wp-content\/uploads\/2019\/10\/20191006_162437.jpg' title=\"\" data-rl_title=\"\" class=\"rl-gallery-link\" data-rl_caption=\"\" data-rel=\"lightbox-gallery-1\"><img loading=\"lazy\" decoding=\"async\" width=\"150\" height=\"150\" src=\"https:\/\/mcchurfirsten.ch\/wp\/wp-content\/uploads\/2019\/10\/20191006_162437-150x150.jpg\" class=\"attachment-thumbnail size-thumbnail\" alt=\"\" aria-describedby=\"gallery-1-1022\" \/><\/a>\n\t\t\t<\/div>\n\t\t\t\t<figcaption class='wp-caption-text gallery-caption' id='gallery-1-1022'>\n\t\t\t\tMer h\u00e4nds und sind gschafft.\n\t\t\t\t<\/figcaption><\/figure><figure class='gallery-item'>\n\t\t\t<div class='gallery-icon portrait'>\n\t\t\t\t<a href='https:\/\/mcchurfirsten.ch\/wp\/wp-content\/uploads\/2018\/02\/20180204_180822.jpg' title=\"\" data-rl_title=\"\" class=\"rl-gallery-link\" data-rl_caption=\"\" data-rel=\"lightbox-gallery-1\"><img loading=\"lazy\" decoding=\"async\" width=\"150\" height=\"150\" src=\"https:\/\/mcchurfirsten.ch\/wp\/wp-content\/uploads\/2018\/02\/20180204_180822-150x150.jpg\" class=\"attachment-thumbnail size-thumbnail\" alt=\"\" aria-describedby=\"gallery-1-673\" \/><\/a>\n\t\t\t<\/div>\n\t\t\t\t<figcaption class='wp-caption-text gallery-caption' id='gallery-1-673'>\n\t\t\t\tGute Resultate beim Drei-L\u00e4nder-Turnier in Hohenems vom 4.2.2018\n\t\t\t\t<\/figcaption><\/figure><figure class='gallery-item'>\n\t\t\t<div class='gallery-icon landscape'>\n\t\t\t\t<a href='https:\/\/mcchurfirsten.ch\/wp\/wp-content\/uploads\/2017\/10\/IMG-20171001-WA0015.jpg' title=\"\" data-rl_title=\"\" class=\"rl-gallery-link\" data-rl_caption=\"\" data-rel=\"lightbox-gallery-1\"><img loading=\"lazy\" decoding=\"async\" width=\"150\" height=\"150\" src=\"https:\/\/mcchurfirsten.ch\/wp\/wp-content\/uploads\/2017\/10\/IMG-20171001-WA0015-150x150.jpg\" class=\"attachment-thumbnail size-thumbnail\" alt=\"\" aria-describedby=\"gallery-1-592\" \/><\/a>\n\t\t\t<\/div>\n\t\t\t\t<figcaption class='wp-caption-text gallery-caption' id='gallery-1-592'>\n\t\t\t\tTeilnehmer Ascona 2017\n\t\t\t\t<\/figcaption><\/figure><figure class='gallery-item'>\n\t\t\t<div class='gallery-icon landscape'>\n\t\t\t\t<a href='https:\/\/mcchurfirsten.ch\/wp\/wp-content\/uploads\/2017\/10\/IMG-20171001-WA0010.jpg' title=\"\" data-rl_title=\"\" class=\"rl-gallery-link\" data-rl_caption=\"\" data-rel=\"lightbox-gallery-1\"><img loading=\"lazy\" decoding=\"async\" width=\"150\" height=\"150\" src=\"https:\/\/mcchurfirsten.ch\/wp\/wp-content\/uploads\/2017\/10\/IMG-20171001-WA0010-150x150.jpg\" class=\"attachment-thumbnail size-thumbnail\" alt=\"\" aria-describedby=\"gallery-1-595\" \/><\/a>\n\t\t\t<\/div>\n\t\t\t\t<figcaption class='wp-caption-text gallery-caption' id='gallery-1-595'>\n\t\t\t\tGisela Schweizer freut sich \u00fcber ihren 4. Platz\n\t\t\t\t<\/figcaption><\/figure>\n\t\t<\/div>\n\n<p><img loading=\"lazy\" decoding=\"async\" class=\" wp-image-140\" src=\"http:\/\/new.mcchurfirsten.ch\/wp\/wp-content\/uploads\/2017\/02\/Swiss-minigolf-300x195.jpg\" alt=\"Logo Swiss Minigolf\" width=\"169\" height=\"110\" srcset=\"https:\/\/mcchurfirsten.ch\/wp\/wp-content\/uploads\/2017\/02\/Swiss-minigolf-300x195.jpg 300w, https:\/\/mcchurfirsten.ch\/wp\/wp-content\/uploads\/2017\/02\/Swiss-minigolf-768x499.jpg 768w, https:\/\/mcchurfirsten.ch\/wp\/wp-content\/uploads\/2017\/02\/Swiss-minigolf-1024x666.jpg 1024w, https:\/\/mcchurfirsten.ch\/wp\/wp-content\/uploads\/2017\/02\/Swiss-minigolf.jpg 2000w\" sizes=\"(max-width: 169px) 100vw, 169px\" \/><\/p>\n","protected":false},"excerpt":{"rendered":"<p>Mit dem Neubau der Minigolfanlage &#8222;Badi&#8220; wurde im Jahr 1993 der Minigolfclub Churfirsten gegr\u00fcndet. Die Anlage liegt gleich neben der Badi Wattwil. Sie verf\u00fcgt \u00fcber 18 genormte Bahnen (System Bongni),&#8230;<\/p>\n","protected":false},"author":1,"featured_media":1401,"parent":0,"menu_order":0,"comment_status":"closed","ping_status":"closed","template":"","meta":{"footnotes":""},"_links":{"self":[{"href":"https:\/\/mcchurfirsten.ch\/index.php\/wp-json\/wp\/v2\/pages\/35"}],"collection":[{"href":"https:\/\/mcchurfirsten.ch\/index.php\/wp-json\/wp\/v2\/pages"}],"about":[{"href":"https:\/\/mcchurfirsten.ch\/index.php\/wp-json\/wp\/v2\/types\/page"}],"author":[{"embeddable":true,"href":"https:\/\/mcchurfirsten.ch\/index.php\/wp-json\/wp\/v2\/users\/1"}],"replies":[{"embeddable":true,"href":"https:\/\/mcchurfirsten.ch\/index.php\/wp-json\/wp\/v2\/comments?post=35"}],"version-history":[{"count":34,"href":"https:\/\/mcchurfirsten.ch\/index.php\/wp-json\/wp\/v2\/pages\/35\/revisions"}],"predecessor-version":[{"id":1688,"href":"https:\/\/mcchurfirsten.ch\/index.php\/wp-json\/wp\/v2\/pages\/35\/revisions\/1688"}],"wp:featuredmedia":[{"embeddable":true,"href":"https:\/\/mcchurfirsten.ch\/index.php\/wp-json\/wp\/v2\/media\/1401"}],"wp:attachment":[{"href":"https:\/\/mcchurfirsten.ch\/index.php\/wp-json\/wp\/v2\/media?parent=35"}],"curies":[{"name":"wp","href":"https:\/\/api.w.org\/{rel}","templated":true}]}}